y h?
7
Let k = 26 - 3. Calculate the remainder when 83 is divided by k.
14
What is the remainder when 149 is divided by ((-180)/(-48))/(1/8)?
29
Let l be -1 + 2/(-1) + 16. Suppose -5*c = -4*t + 17, -2*t + l = t - 4*c. Suppose -105 = -0*i - t*i. What is the remainder when i is divided by 9?
8
Suppose 0 = 5*d + 5 - 20. Suppose 0*l + 2*l - 3*h + 89 = 0, 3*l + 5*h = -181. Let v = l + 54. Calculate the remainder when d is divided by v.
1
Suppose 5*o - 173 = -3*v - 56, v - 2*o = 39. What is the remainder when v is divided by 11?
6
Suppose 0 = 5*u - 35 - 55. Let q = 79 - 27. What is the remainder when q is divided by u?
16
Let l(z) = 14*z**2. Suppose -3*h + 53 = 5*v, -4 = -4*v - 0. Let g = h - -11. What is the remainder when g is divided by l(1)?
13
Let i(c) = 12*c - 26. What is the remainder when i(11) is divided by 19?
11
Let v(y) = -16*y**3 + 1. Let h be v(-1). Let m = h - 12. Let o(j) = j**3 - 4*j**2 - 3*j - 3. Calculate the remainder when 25 is divided by o(m).
4
Let a be ((-21)/(-14) - 0)/((-1)/(-2)). Suppose 8*d - 130 = a*d. Calculate the remainder when 62 is divided by d.
10
Suppose v - 123 = 3*a, -2*v - v + 405 = 3*a. Suppose -t = -3*m + 4*m - v, 0 = 2*m + 4*t - 270. Calculate the remainder when m is divided by 26.
25
Let y(w) = w**3 + 22*w**2 + 21*w + 1. Let q be y(-21). What is the remainder when (-30)/12*q/(5/(-52)) is divided by 12?
2
Let a(q) = 11*q**2 - 2*q - 1. What is the remainder when a(-4) is divided by (-37)/(-2)*(2 - 0)?
35
Let a be 4 + -1 + (3 - 174/2). Let k = a + 222. Calculate the remainder when k is divided by 36.
33
Let d = -489 - -503. Suppose 20 = h + 4*h. Calculate the remainder when d is divided by h.
2
Suppose -j + 132 - 111 = 0. Let m(d) = 41*d**2. Calculate the remainder when m(1) is divided by j.
20
Let k = -702 + 983. Calculate the remainder when k is divided by 19.
15
Suppose -4*y + 2*f = 7*f - 468, f + 108 = y. Calculate the remainder when 325 is divided by y.
101
Let n(w) = -w**2 + 8*w + 12. Let x(f) = 5*f + 16. Calculate the remainder when x(8) is divided by n(7).
18
Let d be ((-4)/12)/((-2)/18). Let h(o) = -o**2 + 6*o - 3. Let q be h(5). Suppose -d = -m - q*m. Calculate the remainder when 2 is divided by m.
0
Let a(x) be the second derivative of x**4/4 + 5*x**3/6 - 11*x**2/2 + 8*x. What is the remainder when a(-5) is divided by 20?
19
Suppose 5414 = -65*w + 32519. Calculate the remainder when w is divided by 140.
137
Suppose 11*d + 9*d = 160. What is the remainder when 33 is divided by d?
1
Let c = 157 - 67. Let o be 3/(-5) + 774/c. Suppose o*a - 5*a = 15. What is the remainder when 13 is divided by a?
3
Suppose z + 5 = -4. Let v = 19 - 11. What is the remainder when v is divided by (-3)/(-2) - z/6?
2
Calculate the remainder when 4 - (-5706)/9*1 is divided by 46.
40
Let p = -3215 - -3339. Let k(r) = r**3 + 6*r**2 + 5*r + 5. What is the remainder when p is divided by k(-5)?
4
Let v(i) = i**3 - 18*i**2 + 2*i - 33. Let y = 108 - 90. What is the remainder when v(y) is divided by 3?
0
Let k(w) = w**3 - 7*w**2 - 4*w + 3. What is the remainder when 3998 is divided by k(9)?
128
Let s = -23 - -43. Suppose 1 = -2*y - c, -5*y + 0*c = -2*c - s. Let d = y - -8. What is the remainder when 19 is divided by d?
9
Suppose 3*s + 5*r - 266 = 0, -23*s + 4*r - 465 = -28*s. Suppose 0 = 4*d - 2*a - 194, 2*d = -2*a - 3*a + 103. What is the remainder when s is divided by d?
48
Suppose z = -5*u - 105, z - 6 + 83 = 2*u. What is the remainder when 67 is divided by -1*2*z/10?
16
Let c(m) = 3*m**3 + 17*m**2 - 8*m + 5. Calculate the remainder when 65 is divided by c(-6).
14
Let p = 0 + -1. Let n be (p + 1)*(-9)/(-18). Suppose -20 = 5*o, -4*a = -3*o - n*o - 64. Calculate the remainder when 37 is divided by a.
11
Suppose -w = -5*i - 152, 0*w - 5*i = 2*w - 274. Let p = w + -85. What is the remainder when p is divided by 15?
12
Calculate the remainder when (2 - 3)*-193*1 is divided by (-2)/9 + (20474/(-18))/(-29).
37
Let a(c) = -8*c - 9. Let d(b) = b**2 + 7*b - 8. Let u be d(-7). Suppose 4*w - 38 = -3*o, 4*o + 4*w = 18 + 34. Calculate the remainder when a(u) is divided by o.
13
Let j(y) = -9*y - 2. Let i be 14/(-21)*9/2. Suppose -2*f + 123 = -25. Calculate the remainder when f is divided by j(i).
24
Let x = -12048 - -12071. Suppose s - 4 - 5 = -3*z, -z + 4*s = -16. Suppose -z*q = -8 - 12. What is the remainder when x is divided by q?
3
Suppose 6 = -4*u - 6, u = -3*j + 99. Let l(c) = -c**2 - 2*c + 1. Let b be l(-2). What is the remainder when j is divided by (14 - 1) + b + -2?
10
Let i = 32 - 28. Suppose i*y - 26 - 48 = -3*o, 0 = 3*y + o - 53. Calculate the remainder when 82 is divided by y.
14
Let b(z) = -z**3 + 7*z**2 + 20*z - 12. Let d be b(9). Suppose 0 = -d*s + 14 + 76. What is the remainder when s is divided by 6?
3
Let y(o) = -2*o + 29. Suppose -2*q = -q + 12. Calculate the remainder when y(q) is divided by (56/10)/(6/15).
11
Let h(x) = 6*x + 1. Let o be h(-4). Let r = o + -21. Let n = r - -64. What is the remainder when 39 is divided by n?
19
Calculate the remainder when 804 is divided by (-4 - 660/(-168)) + (-1611)/(-14).
114
Suppose 29*v - 88*v = -15635. Calculate the remainder when v is divided by 38.
37
Suppose 29 - 2 = 3*o. Let i = 18 + o. Calculate the remainder when 53 is divided by i.
26
Let c = -103 + 93. Calculate the remainder when 1905/(-6)*4/c is divided by 32.
31
Let p be (-9 + 1)*(-25)/4. Suppose -2*i = m - p, 3*m - 4*i = -0*m + 110. Calculate the remainder when m is divided by 15.
12
Suppose 391 + 833 = 18*b. Calculate the remainder when 259 is divided by b.
55
Suppose 5*n - 271 = 6*q - 10*q, -2*n = 2*q - 136. What is the remainder when 344 is divided by q?
68
Let f = -20 + 9. Let i = f + 34. What is the remainder when 5 + 74 + -6 + -7 is divided by i?
20
Let j(t) be the second derivative of t - 1/6*t**3 + t**4 - 1/2*t**2 + 0. What is the remainder when 45 is divided by j(-1)?
9
Let u = -147 + 211. Calculate the remainder when u is divided by 3/(-5) - 24/(-60)*34.
12
Suppose 0 = 5*o - 123 - 22. Suppose 4*w - w + 63 = 0. Let n = w + o. What is the remainder when n is divided by 3?
2
Let g(k) = 29*k**2 + 14*k + 12. Let i(m) = 44*m**2 + 21*m + 18. Let s(z) = 8*g(z) - 5*i(z). Calculate the remainder when 153 is divided by s(-1).
10
Let m be (-10)/2*(-18)/30. Suppose m*d - 65 = -2*d. Let p(r) = -2*r**2 + 57*r + 34. Calculate the remainder when p(28) is divided by d.
10
Suppose 3*z + 10 = 5*z. Let r be -22*1/10 + 1/5. What is the remainder when z is divided by (48/(-56))/(r/7)?
2
Let p = -46 - -67. What is the remainder when 57 is divided by p?
15
Let o(q) = 2*q**2 + 27*q - 20. Calculate the remainder when 232 is divided by o(-16).
52
Let s = -16 + 364. Calculate the remainder when s is divided by 57.
6
What is the remainder when 133 + 10 + -6 + 1 + 3 is divided by 49?
43
Let x = 376 - 243. Let k = x + -79. Calculate the remainder when k is divided by 14.
12
Let z(o) = -o**3 + 19*o**2 - 34*o + 25. What is the remainder when 199 is divided by z(17)?
24
Let p = -779 - -954. What is the remainder when p is divided by 84?
7
Let b(g) = g**2 - 9*g - 20. Let t be b(12). What is the remainder when (-36 + 0)*18/(-4) is divided by 20*2 + t + -15?
39
Let p be 6 - (-2 - -5 - 2). Suppose 8 = p*j - 112. Calculate the remainder when j is divided by 13 + 0/((3 - 2)/(-1)).
11
Let y(f) = 2*f**2 - 5*f**2 + 24*f + 4*f**2 + 5 + 40. Calculate the remainder when 2/3 + (-2)/(-6) is divided by y(-22).
0
Suppose 0*h - 70 = -5*h. Let d be 206/14 - (-4)/h. What is the remainder when 35 is divided by ((-48)/20)/((-3)/d)?
11
Let m = -297 + 18. Calculate the remainder when (m/(-12))/((-9)/(-24)) is divided by 13.
10
Suppose 7*x - 11 = 185. Let i = x + -20. Calculate the remainder when 13 is divided by i.
5
Suppose -2*b = 3*b - 11505. What is the remainder when 48 is divided by (-4)/14 + b/91?
23
Suppose -5*r - 5*v = -55, -4*v = -2*r - 0*r + 34. What is the remainder when 2/3 - (516/(-9) + -4) is divided by r?
10
Let v(d) = -2*d**2 - 82*d + 6. What is the remainder when v(-40) is divided by 22?
20
Let y(k) = -2*k - 38. Let w be y(14). Let h = -29 - w. What is the remainder when h is divided by 10?
7
Suppose -17 - 68 = -5*h. Suppose -h*b = -11*b - 78. What is the remainder when 101 is divided by b?
10
Suppose -16 = -4*v, -5*l - 2*v + 49 = -24. Let r = -59